{"vid":"V9395","name":"psubocup","file_id":"F48","var_dcml":"0","var_intrvl":"discrete","var_width":"1","labl":"Poblaci\u00f3n Subocupada","var_security":"Uso p\u00fablico","var_val_range":[{"units":null,"min":"0","max":"1"}],"var_universe":"Todos los miembros del hogar de 14 a\u00f1os o m\u00e1s de edad.","universe_clusion":"I","var_sumstat":[{"value":"27115","type":"vald"},{"value":"6386467.18","type":"vald"},{"value":"26746","type":"invd"},{"value":"5578275.82","type":"invd"}],"var_txt":"Poblaci\u00f3n de 14 a\u00f1os o m\u00e1s que durante el per\u00edodo de referencia: estaban ocupados, deseaban trabajar horas adicionales, y cuyo tiempo de trabajo en todos los puestos de trabajo era inferior a un valor umbral especificado de horas, y que estaban disponibles para trabajar m\u00e1s horas adicionales de haber tenido la oportunidad.","var_catgry":[{"value":"0","labl":"No","stats":"5970691.226","type":"freq"},{"value":"1","labl":"S\u00ed","stats":"415775.953","type":"freq"},{"value":"Sysmiss","labl":null,"stats":"5578275.82","type":"freq"}],"var_format":"numeric","var_format_schema":"other","fid":"F48","sid":"96","survey_idno":"BOL-INE-ECE-1T2022"}

Población Subocupada

Uso público

Todos los miembros del hogar de 14 años o más de edad.

Población de 14 años o más que durante el período de referencia: estaban ocupados, deseaban trabajar horas adicionales, y cuyo tiempo de trabajo en todos los puestos de trabajo era inferior a un valor umbral especificado de horas, y que estaban disponibles para trabajar más horas adicionales de haber tenido la oportunidad.

Sí
