{"vid":"V9326","name":"s2_12a","file_id":"F48","var_dcml":"0","var_intrvl":"contin","var_width":"3","labl":"Cuanto tiempo trabaj\u00f3 en esa ocupaci\u00f3n? Tiempo","var_security":"Uso p\u00fablico","var_respunit":"Informante directo o en su defecto informante calificado.","var_qstn_preqtxt":"Proviene de la pregunta 11 de la secci\u00f3n 2: \u00bfCu\u00e1l era la actividad principal del establecimiento, empresa, negocio, instituci\u00f3n o lugar donde trabajaba?","var_qstn_qstnlit":"\u00bfCu\u00e1nto tiempo trabaj\u00f3 en esa ocupaci\u00f3n? - Tiempo","var_qstn_postqtxt":"Continuar con la pregunta 12b de la secci\u00f3n 2: \u00bfCu\u00e1nto tiempo trabaj\u00f3 en esa ocupaci\u00f3n? - Periodo","var_qstn_ivulnstr":"Registra en la respuesta del Informante en la casilla \"tiempo\" y \"per\u00edodo\" y contin\u00faa con la siguiente pregunta.","var_val_range":[{"units":null,"min":"1","max":"888"}],"var_universe":"Todos los miembros del hogar de 10 a\u00f1os o m\u00e1s de edad.","universe_clusion":"I","var_sumstat":[{"value":"8251","type":"vald"},{"value":"1757631.818","type":"vald"},{"value":"45610","type":"invd"},{"value":"10207111.182","type":"invd"},{"value":"1","type":"min"},{"value":"360","type":"max"},{"value":"8.668","type":"mean"},{"value":"9.02","type":"mean"}],"var_txt":"Se desea saber el periodo de tiempo que la persona trabaj\u00f3 en su \u00faltima ocupaci\u00f3n(Tiempo)","var_format":"numeric","var_format_schema":"other","fid":"F48","sid":"96","survey_idno":"BOL-INE-ECE-1T2022"}

Cuanto tiempo trabajó en esa ocupación? Tiempo

Uso público

Proviene de la pregunta 11 de la sección 2: ¿Cuál era la actividad principal del establecimiento, empresa, negocio, institución o lugar donde trabajaba?

¿Cuánto tiempo trabajó en esa ocupación? - Tiempo

Continuar con la pregunta 12b de la sección 2: ¿Cuánto tiempo trabajó en esa ocupación? - Periodo

Registra en la respuesta del Informante en la casilla "tiempo" y "período" y continúa con la siguiente pregunta.

Todos los miembros del hogar de 10 años o más de edad.

Se desea saber el periodo de tiempo que la persona trabajó en su última ocupación(Tiempo)
