{"vid":"V9311","name":"s2_03","file_id":"F48","var_dcml":"0","var_intrvl":"discrete","var_width":"1","labl":"\u00bfLa semana pasada, tuvo alg\u00fan empleo, negocio o empresa propia en la cual no trabaj\u00f3 por:","var_security":"Uso p\u00fablico","var_respunit":"Informante directo o en su defecto informante calificado.","var_qstn_preqtxt":"Proviene de la pregunta 2 de la secci\u00f3n 2: Durante la semana pasada, dedic\u00f3 al menos una hora a:, si el informante responde la opci\u00f3n 7. NINGUNA ACTIVIDAD.","var_qstn_qstnlit":"\u00bfLa semana pasada, tuvo alg\u00fan empleo, negocio o empresa propia en la cual no trabaj\u00f3 por:\n\n1. Vacaciones o permisos?\n2. Enfermedad o accidente?\n3. Falta de materiales o clientes?\n4. Huelga, paro o conflicto laboral?\n5. Mal tiempo?\n6. Estar suspendido?\n7. Problemas personales o familiares?  \n8. NINGUNO\n9. Cuarentena por coronavirus","var_qstn_postqtxt":"Si en la pregunta 3 de la secci\u00f3n 2: \u00bfLa semana pasada, tuvo alg\u00fan empleo, negocio o empresa propia en la cual no trabaj\u00f3 por: el informante responde:\n- De las opci\u00f3n  9, continuar con la pregunta 3c de la secci\u00f3n 2: Si se levantan las restricciones de cuarentena en cuatro semana cree que podra volver a trabajar?.\n- De las opciones 1 al 7, pasar a la pregunta 14a (flujo) de la secci\u00f3n 2, donde indica que las preguntas 15 a la 41 de la secci\u00f3n 2, deben leer las preguntas en tiempo pasado. \n- La opci\u00f3n 8 continuar con la pregunta 4 de la secci\u00f3n 2: \u00bfLa semana pasada usted estaba disponible para trabajar?.","var_qstn_ivulnstr":"Si la respuesta corresponde a cualquiera de las categor\u00edas de la 1 a la 7 y la 9, registra el c\u00f3digo respectivo y pasa a la Pregunta 14a, de lo contrario si la respuesta es NINGUNO contin\u00faa con la siguiente pregunta.","var_val_range":[{"units":null,"min":"1","max":"8"}],"var_universe":"Todos los miembros del hogar de 10 a\u00f1os o m\u00e1s de edad.","universe_clusion":"I","var_sumstat":[{"value":"15435","type":"vald"},{"value":"3172369.743","type":"vald"},{"value":"38426","type":"invd"},{"value":"8792373.257","type":"invd"}],"var_txt":"En esta pregunta se pretende clasificar a aquellas personas que durante el per\u00edodo de referencia estuvieron ausentes de su trabajo por diferentes razones, pero volver\u00e1n al mismo en un per\u00edodo no lejano.","var_catgry":[{"value":"1","labl":"1.Vacaciones o permisos?","stats":"58628.83","type":"freq"},{"value":"2","labl":"2.Enfermedad o accidente?","stats":"31550.041","type":"freq"},{"value":"3","labl":"3.Falta de materiales o clientes?","stats":"61569.929","type":"freq"},{"value":"4","labl":"4.Huelga, paro o conflicto laboral?","stats":"777.379","type":"freq"},{"value":"5","labl":"5.Mal tiempo?","stats":"1556.954","type":"freq"},{"value":"7","labl":"7.Problemas personales o familiares?","stats":"16437.71","type":"freq"},{"value":"8","labl":"8.NINGUNO","stats":"2999493.055","type":"freq"},{"value":"9","labl":"9.Pandemia COVID-19","stats":"2355.845","type":"freq"},{"value":"Sysmiss","labl":null,"stats":"8792373.257","type":"freq"}],"var_format":"numeric","var_format_schema":"other","fid":"F48","sid":"96","survey_idno":"BOL-INE-ECE-1T2022"}

¿La semana pasada, tuvo algún empleo, negocio o empresa propia en la cual no trabajó por:

Uso público

Proviene de la pregunta 2 de la sección 2: Durante la semana pasada, dedicó al menos una hora a:, si el informante responde la opción 7. NINGUNA ACTIVIDAD.

¿La semana pasada, tuvo algún empleo, negocio o empresa propia en la cual no trabajó por:

1. Vacaciones o permisos?
2. Enfermedad o accidente?
3. Falta de materiales o clientes?
4. Huelga, paro o conflicto laboral?
5. Mal tiempo?
6. Estar suspendido?
7. Problemas personales o familiares?  
8. NINGUNO
9. Cuarentena por coronavirus

Si en la pregunta 3 de la sección 2: ¿La semana pasada, tuvo algún empleo, negocio o empresa propia en la cual no trabajó por: el informante responde:
- De las opción  9, continuar con la pregunta 3c de la sección 2: Si se levantan las restricciones de cuarentena en cuatro semana cree que podra volver a trabajar?.
- De las opciones 1 al 7, pasar a la pregunta 14a (flujo) de la sección 2, donde indica que las preguntas 15 a la 41 de la sección 2, deben leer las preguntas en tiempo pasado. 
- La opción 8 continuar con la pregunta 4 de la sección 2: ¿La semana pasada usted estaba disponible para trabajar?.

Si la respuesta corresponde a cualquiera de las categorías de la 1 a la 7 y la 9, registra el código respectivo y pasa a la Pregunta 14a, de lo contrario si la respuesta es NINGUNO continúa con la siguiente pregunta.

Todos los miembros del hogar de 10 años o más de edad.

En esta pregunta se pretende clasificar a aquellas personas que durante el período de referencia estuvieron ausentes de su trabajo por diferentes razones, pero volverán al mismo en un período no lejano.
