{"vid":"V5466","name":"s2_08e","file_id":"F29","var_intrvl":"discrete","var_width":"150","labl":"\u00bfPrinicipalmente que gestion hizo para buscar trabajo o establecer un negocio propio?\u00a0(Especifique)","var_security":"Uso p\u00fablico","var_respunit":"Informante Directo o en su defecto informante calificado.","var_qstn_preqtxt":"Proviene de la pregunta 8 de la secci\u00f3n 2: \u00bfQu\u00e9 gestiones hizo para buscar trabajo o establecer un negocio propio? (Especifique)","var_qstn_qstnlit":"\u00bfQu\u00e9 gestiones hizo para buscar trabajo o establecer un negocio propio?\n7. Otro (Especifique)","var_qstn_postqtxt":"Continuar con la pregunta 8aa de la secci\u00f3n 2: Si se levantan las restricciones de cuarentena , \u00bfEn cu\u00e1nto tiempo cree que (\u2026) conseguir\u00e1 un empleo?","var_qstn_ivulnstr":"Son las personas que han realizado acciones concretas para conseguir trabajo asalariado o independiente. Por lo tanto, si la persona tiene \u00fanicamente la \"intenci\u00f3n\" de buscar trabajo, no se la considera dentro de esta categor\u00eda. \nLas respuestas a esta pregunta pueden ser m\u00e1s de una, es decir el informante pudo haber realizado varias acciones para conseguir trabajo, en ese caso se deber\u00e1 registrar los c\u00f3digos de las respuestas en las columnas espec\u00edficas para el caso.","var_universe":"Todos los miembros del hogar de 10 a\u00f1os o m\u00e1s de edad.","universe_clusion":"I","var_sumstat":[{"value":"11","type":"vald"}],"var_txt":"El informante pudo haber realizado varias acciones concretas de b\u00fasqueda de trabajo o establecer un negocio propio.","var_format":"character","var_format_schema":"other","var_notes":"Corresponde a una variable de texto abierta. Cuya informaci\u00f3n proviene del entrevistado y la cual es textualmente registrada por el encuestador en el momento de la entrevista. Adem\u00e1s, no es sujeta a procesamiento de entrada, ni a codificaci\u00f3n.","fid":"F29","sid":"91","survey_idno":"BOL-INE-ECE-2T2021"}

Uso público

Proviene de la pregunta 8 de la sección 2: ¿Qué gestiones hizo para buscar trabajo o establecer un negocio propio? (Especifique)

¿Qué gestiones hizo para buscar trabajo o establecer un negocio propio?
7. Otro (Especifique)

Continuar con la pregunta 8aa de la sección 2: Si se levantan las restricciones de cuarentena , ¿En cuánto tiempo cree que (…) conseguirá un empleo?

Son las personas que han realizado acciones concretas para conseguir trabajo asalariado o independiente. Por lo tanto, si la persona tiene únicamente la "intención" de buscar trabajo, no se la considera dentro de esta categoría. 
Las respuestas a esta pregunta pueden ser más de una, es decir el informante pudo haber realizado varias acciones para conseguir trabajo, en ese caso se deberá registrar los códigos de las respuestas en las columnas específicas para el caso.

Todos los miembros del hogar de 10 años o más de edad.

El informante pudo haber realizado varias acciones concretas de búsqueda de trabajo o establecer un negocio propio.

Corresponde a una variable de texto abierta. Cuya información proviene del entrevistado y la cual es textualmente registrada por el encuestador en el momento de la entrevista. Además, no es sujeta a procesamiento de entrada, ni a codificación.
