{"vid":"V5433","name":"s4_25","file_id":"F29","var_dcml":"0","var_intrvl":"discrete","var_width":"1","labl":"\u00bfCu\u00e1l es la principal raz\u00f3n por la que dej\u00f3 de trabajar?","var_security":"Uso p\u00fablico","var_respunit":"Informante Directo o en su defecto informante calificado.","var_qstn_preqtxt":"Proviene de la pregunta 24 de la secci\u00f3n 4: \u00bfestaba trabajando antes de la cuarentena? por cualquiera de las opciones","var_qstn_qstnlit":"\u00bfCu\u00e1l es la principal raz\u00f3n por la que dej\u00f3 de trabajar?\n1. NEGOCIO O EMPRESA CERRADO POR CORONAVIRUS \n2. NEGOCIO O EMPRESA CERRADO  POR OTRA RAZ\u00d3N \n3. DESPEDIDO MIENTRAS EL NEGOCIO CONTINUA\n4. ENFERMEDAD O PUESTO EN CUARENTENA\n5. NECESITA CUIDADO POR OTRA ENFERMEDAD NO RELACIONADA AL COVID-19\n6. TRABAJO DE TEMPORADA\n7. OTROS (ESPECIFIQUE)","var_qstn_postqtxt":"Continuar con la pregunta 25e de la secci\u00f3n 2: en el caso si respondio 7.Otros (especifique), caso contrario continuar con el flujo 26 de la secci\u00f3n 4.","var_qstn_ivulnstr":"1. NEGOCIO O EMPRESA CERRADO POR CORONAVIRUS: La empresa o negocio tuvo que cerrar por la declaraci\u00f3n de cuarentena por coronavirus \n2. NEGOCIO O EMPRESA CERRADO POR OTRA RAZ\u00d3N: La empresa o negocio tuvo que cerrar por cualquier diferente a la de coronavirus\n3. DESPEDIDO MIENTRAS EL NEGOCIO CONTIN\u00daA: El informante pudo ser despedido de su puesto de trabajo, pero el negocio o empresa continua en funcionamiento.\n 4. ENFERMEDAD O PUESTO EN CUARENTENA: Si el informante enferm\u00f3 de coronavirus o si el informante fue puesto en cuarentena. \n5. NECESITA CUIDADO POR OTRA ENFERMEDAD NO RELACIONADA AL COVID-19: El informante necesita cuidados por temas de salud  diferentes a coronavirus. \n 6. TRABAJO EN FUNCI\u00d3N DE TEMPORADAS: El puesto de trabajo del informante es temporal o por temporadas, por ejemplo, actividades agr\u00edcolas, pecuarias, etc.\n 7. OTROS (ESPECIFIQUE): Alguna otra raz\u00f3n diferente a las anteriores.","var_val_range":[{"units":null,"min":"1","max":"3"}],"var_universe":"Todos los miembros del hogar de 10 a\u00f1os o m\u00e1s de edad.","universe_clusion":"I","var_sumstat":[{"value":"2883","type":"vald"},{"value":"52889","type":"invd"}],"var_txt":"Con esta pregunta se identificar\u00e1 cu\u00e1l es la principal raz\u00f3n por la que el informante dej\u00f3 de trabajar antes de la declaraci\u00f3n de cuarentena.","var_catgry":[{"value":"1","labl":"1.NEGOCIO O EMPRESA CERRADO POR CORONAVIRUS","stats":"822","type":"freq"},{"value":"2","labl":"2.NEGOCIO O EMPRESA CERRADO POR OTRA RAZ\u00d3N","stats":"200","type":"freq"},{"value":"3","labl":"3.DESPEDIDO MIENTRAS EL NEGOCIO CONTINUA","stats":"518","type":"freq"},{"value":"4","labl":"4.ENFERMEDAD O PUESTO EN CUARENTENA","stats":"131","type":"freq"},{"value":"5","labl":"5.NECESITA CUIDADO POR OTRA ENFERMEDAD NO RELACIONADA AL COV","stats":"124","type":"freq"},{"value":"6","labl":"6.TRABAJO EN FUNCI\u00d3N DE TEMPORADAS","stats":"700","type":"freq"},{"value":"7","labl":"7.OTROS (ESPECIFIQUE)","stats":"283","type":"freq"},{"value":"8","labl":"8. POR REALIZAR LABORES DE CASA\/CUIDADO DE MIEMBROS DEL HOGA","stats":"56","type":"freq"},{"value":"9","labl":"9. POR LA PANDEMIA COVID-19","stats":"49","type":"freq"},{"value":"Sysmiss","labl":null,"stats":"52889","type":"freq"}],"var_format":"numeric","var_format_schema":"other","fid":"F29","sid":"91","survey_idno":"BOL-INE-ECE-2T2021"}

¿Cuál es la principal razón por la que dejó de trabajar?

Uso público

Proviene de la pregunta 24 de la sección 4: ¿estaba trabajando antes de la cuarentena? por cualquiera de las opciones

¿Cuál es la principal razón por la que dejó de trabajar?
1. NEGOCIO O EMPRESA CERRADO POR CORONAVIRUS 
2. NEGOCIO O EMPRESA CERRADO  POR OTRA RAZÓN 
3. DESPEDIDO MIENTRAS EL NEGOCIO CONTINUA
4. ENFERMEDAD O PUESTO EN CUARENTENA
5. NECESITA CUIDADO POR OTRA ENFERMEDAD NO RELACIONADA AL COVID-19
6. TRABAJO DE TEMPORADA
7. OTROS (ESPECIFIQUE)

Continuar con la pregunta 25e de la sección 2: en el caso si respondio 7.Otros (especifique), caso contrario continuar con el flujo 26 de la sección 4.

1. NEGOCIO O EMPRESA CERRADO POR CORONAVIRUS: La empresa o negocio tuvo que cerrar por la declaración de cuarentena por coronavirus 
2. NEGOCIO O EMPRESA CERRADO POR OTRA RAZÓN: La empresa o negocio tuvo que cerrar por cualquier diferente a la de coronavirus
3. DESPEDIDO MIENTRAS EL NEGOCIO CONTINÚA: El informante pudo ser despedido de su puesto de trabajo, pero el negocio o empresa continua en funcionamiento.
 4. ENFERMEDAD O PUESTO EN CUARENTENA: Si el informante enfermó de coronavirus o si el informante fue puesto en cuarentena. 
5. NECESITA CUIDADO POR OTRA ENFERMEDAD NO RELACIONADA AL COVID-19: El informante necesita cuidados por temas de salud  diferentes a coronavirus. 
 6. TRABAJO EN FUNCIÓN DE TEMPORADAS: El puesto de trabajo del informante es temporal o por temporadas, por ejemplo, actividades agrícolas, pecuarias, etc.
 7. OTROS (ESPECIFIQUE): Alguna otra razón diferente a las anteriores.

Todos los miembros del hogar de 10 años o más de edad.

Con esta pregunta se identificará cuál es la principal razón por la que el informante dejó de trabajar antes de la declaración de cuarentena.

2.NEGOCIO O EMPRESA CERRADO POR OTRA RAZÓN

6.TRABAJO EN FUNCIÓN DE TEMPORADAS
