{"vid":"V5385","name":"s2_03c","file_id":"F29","var_dcml":"0","var_intrvl":"discrete","var_width":"1","labl":"\u00bfSi se levantan las restricciones de cuarentena en 4 semanas \u00bfcree que podr\u00e1 volver a su trabajo?","var_security":"Uso p\u00fablico","var_respunit":"Informante Directo o en su defecto informante calificado.","var_qstn_preqtxt":"Proviene de la pregunta 3 de la secci\u00f3n 2, si respondio la opci\u00f3n 9 de: \u00bfLa semana pasada, tuvo alg\u00fan empleo, negocio o empresa propia en la cual no trabaj\u00f3 por","var_qstn_qstnlit":"Si se levantan las restricciones de cuarentena en cuatro semanas \u00bfcree que podr\u00e1 volver a su trabajo?\n1. Si\n2. No\n3. No sabe","var_qstn_postqtxt":"Si responde cualquera de las opciones de la pregunta 3c de la secci\u00f3n 2, pasar a la pregunta 14a (flujo).","var_qstn_ivulnstr":"Registrar el c\u00f3digo que corresponda: 1.S\u00ed, 2.No y 3.No sabe.","var_val_range":[{"units":null,"min":"1","max":"8"}],"var_universe":"Todos los miembros del hogar de 10 a\u00f1os o m\u00e1s de edad.","universe_clusion":"I","var_sumstat":[{"value":"55","type":"vald"},{"value":"55717","type":"invd"}],"var_txt":"El prop\u00f3sito de esta pregunta es indagar sobre la expectativa que tiene el informante respecto a volver a su trabajo, en relaci\u00f3n a las medidas de Cuarentena  que afectaron el desarrollo del mismo.","var_catgry":[{"value":"1","labl":"1.Si","stats":"40","type":"freq"},{"value":"2","labl":"2.No","stats":"2","type":"freq"},{"value":"3","labl":"3.No sabe","stats":"13","type":"freq"},{"value":"Sysmiss","labl":null,"stats":"55717","type":"freq"}],"var_format":"numeric","var_format_schema":"other","fid":"F29","sid":"91","survey_idno":"BOL-INE-ECE-2T2021"}

¿Si se levantan las restricciones de cuarentena en 4 semanas ¿cree que podrá volver a su trabajo?

Uso público

Proviene de la pregunta 3 de la sección 2, si respondio la opción 9 de: ¿La semana pasada, tuvo algún empleo, negocio o empresa propia en la cual no trabajó por

Si se levantan las restricciones de cuarentena en cuatro semanas ¿cree que podrá volver a su trabajo?
1. Si
2. No
3. No sabe

Si responde cualquera de las opciones de la pregunta 3c de la sección 2, pasar a la pregunta 14a (flujo).

Registrar el código que corresponda: 1.Sí, 2.No y 3.No sabe.

Todos los miembros del hogar de 10 años o más de edad.

El propósito de esta pregunta es indagar sobre la expectativa que tiene el informante respecto a volver a su trabajo, en relación a las medidas de Cuarentena  que afectaron el desarrollo del mismo.
