{"vid":"V84","name":"s04a_05","file_id":"F1","var_dcml":"0","var_intrvl":"discrete","var_width":"1","labl":"Durante las \u00faltimas cuatro semanas \u00bfbusc\u00f3 trabajo o hizo gestiones para establecer alg\u00fan negocio propio?","var_security":"Uso p\u00fablico","var_respunit":"Informante indirecto: Miembro del hogar de 12 a\u00f1os o m\u00e1s de edad.","var_qstn_qstnlit":"Durante las \u00faltimas cuatro semanas \u00bfbusc\u00f3 trabajo o hizo gestiones para establecer alg\u00fan negocio propio?\n1. Si\n2. No","var_val_range":[{"units":null,"min":"1","max":"2"}],"var_universe":"Miembros del hogar de 7 a\u00f1os o m\u00e1s de edad","universe_clusion":"I","var_sumstat":[{"value":"15343","type":"vald"},{"value":"4592352.468","type":"vald"},{"value":"21749","type":"invd"},{"value":"7156685.532","type":"invd"}],"var_txt":"Iindagar sobre las acciones que realizaron las personas que no estaban ocupadas para tratar de obtener un empleo o iniciar un trabajo como cuenta propia.","var_catgry":[{"value":"1","labl":"1. Si","stats":"501553.086","type":"freq"},{"value":"2","labl":"2. No","stats":"4090799.382","type":"freq"},{"value":"Sysmiss","labl":null,"stats":"7156685.532","type":"freq"}],"var_format":"numeric","var_format_schema":"other","fid":"F1","sid":"88","survey_idno":"BOL-INE-EH-2020-V2"}

Durante las últimas cuatro semanas ¿buscó trabajo o hizo gestiones para establecer algún negocio propio?

Uso público

Informante indirecto: Miembro del hogar de 12 años o más de edad.

Durante las últimas cuatro semanas ¿buscó trabajo o hizo gestiones para establecer algún negocio propio?
1. Si
2. No

Miembros del hogar de 7 años o más de edad
