{"vid":"V37","name":"s02a_08","file_id":"F1","var_dcml":"0","var_intrvl":"discrete","var_width":"1","labl":"\u00bf(\u2026) sigui\u00f3 alg\u00fan protocolo de tratamiento COVID-19?","var_security":"Uso p\u00fablico","var_respunit":"Informante indirecto: Miembro del hogar de 12 a\u00f1os o m\u00e1s de edad.","var_qstn_qstnlit":"\u00bf(\u2026) sigui\u00f3 alg\u00fan protocolo de tratamiento COVID-19?\n1. Si\n2. No","var_qstn_postqtxt":"REGISTRE EL C\u00d3DIGO CORRESPONDIENTE Y HAGA CASO DEL FLUJO \n\nSI LA PERSONA ENTREVISTADA ES:\n\n1. MENOR DE 5 A\u00d1OS, PASE  A LA PREG. 15\n                  \n2.  MUJER DE 5 A 12 A\u00d1OS, PASE A LA SECC.3. PREG. 1    \n                 \n3.  MUJER ENTRE 13 Y 50 A\u00d1OS, CONTINUE CON LA PREG. 9 \n\n4. MUJER DE 51 A\u00d1OS O M\u00c1S, PASE A LA SECC. 3. PREG. 1 \n\n5. HOMBRE DE 5 A\u00d1OS O M\u00c1S, PASE A LA SECC. 3. PREG. 1","var_val_range":[{"units":null,"min":"1","max":"2"}],"var_universe":"Todos los miembros del hogar que residen en viviendas particulares","universe_clusion":"I","var_sumstat":[{"value":"1238","type":"vald"},{"value":"378107.066","type":"vald"},{"value":"35854","type":"invd"},{"value":"11370930.934","type":"invd"}],"var_txt":"Indagar sobre el n\u00famero de personas que durante la pandemia siguieron un protocolo de tratamiento para COVID-19.","var_catgry":[{"value":"1","labl":"1. Si","stats":"356587.005","type":"freq"},{"value":"2","labl":"2. No","stats":"21520.061","type":"freq"},{"value":"Sysmiss","labl":null,"stats":"11370930.934","type":"freq"}],"var_format":"numeric","var_format_schema":"other","fid":"F1","sid":"88","survey_idno":"BOL-INE-EH-2020-V2"}

¿(…) siguió algún protocolo de tratamiento COVID-19?

Uso público

Informante indirecto: Miembro del hogar de 12 años o más de edad.

¿(…) siguió algún protocolo de tratamiento COVID-19?
1. Si
2. No

REGISTRE EL CÓDIGO CORRESPONDIENTE Y HAGA CASO DEL FLUJO 

SI LA PERSONA ENTREVISTADA ES:

1. MENOR DE 5 AÑOS, PASE  A LA PREG. 15
                  
2.  MUJER DE 5 A 12 AÑOS, PASE A LA SECC.3. PREG. 1    
                 
3.  MUJER ENTRE 13 Y 50 AÑOS, CONTINUE CON LA PREG. 9 

4. MUJER DE 51 AÑOS O MÁS, PASE A LA SECC. 3. PREG. 1 

5. HOMBRE DE 5 AÑOS O MÁS, PASE A LA SECC. 3. PREG. 1

Indagar sobre el número de personas que durante la pandemia siguieron un protocolo de tratamiento para COVID-19.
