{"vid":"V379","name":"s12a_05_7e","file_id":"F5","var_intrvl":"discrete","var_start_pos":"171","var_end_pos":"230","var_width":"60","var_rec_seg_no":"1","labl":"\u00bfPor qu\u00e9 no present\u00f3 una denuncia formal? 7. Otro (Especifique)","var_security":"Uso p\u00fablico","var_respunit":"Cada miembro del hogar, siempre y cuando tenga 12 a\u00f1os o m\u00e1s y no tenga limitaciones para entender o hacerse entender.","var_qstn_qstnlit":"\u00bfPor qu\u00e9 no present\u00f3 una denuncia formal? 7. Otro (Especifique)\n1.Si, 2.No","var_universe":"Personas de 15 a\u00f1os o m\u00e1s edad","universe_clusion":"I","var_sumstat":[{"value":"29","type":"vald"},{"value":"37.272","type":"vald"}],"var_txt":"Especificar otras razones por las cuales no presneto denuncia formal, que no fueron concideradas dentro de las opciones.","var_format":"character","var_format_schema":"other","var_notes":"Corresponde a una variable de texto abierta. Cuya informaci\u00f3n proviene del entrevistado y la cual es textualmente registrada por el encuestador en el momento de la entrevista. Adem\u00e1s, no es sujeta a procesamiento de entrada, ni a codificaci\u00f3n.","fid":"F5","sid":"84","survey_idno":"BOL-INE-EH-2019-V1"}

¿Por qué no presentó una denuncia formal? 7. Otro (Especifique)

Uso público

Cada miembro del hogar, siempre y cuando tenga 12 años o más y no tenga limitaciones para entender o hacerse entender.

¿Por qué no presentó una denuncia formal? 7. Otro (Especifique)
1.Si, 2.No

Personas de 15 años o más edad

Corresponde a una variable de texto abierta. Cuya información proviene del entrevistado y la cual es textualmente registrada por el encuestador en el momento de la entrevista. Además, no es sujeta a procesamiento de entrada, ni a codificación.
