{"vid":"V246","name":"s12a_02","file_id":"F5","var_dcml":"0","var_intrvl":"discrete","var_start_pos":"107","var_end_pos":"107","var_width":"1","var_rec_seg_no":"1","labl":"Presento una denuncia formal contra el(la) agresor(a)?","var_security":"Uso p\u00fablico","var_respunit":"Cada miembro del hogar, siempre y cuando tenga 12 a\u00f1os o m\u00e1s y no tenga limitaciones para entender o hacerse entender.","var_qstn_preqtxt":"- Para los que respondieron respondieron las opciones 1,3 de cualquiera de los motivos de la pregunta 1:\n\n1. \u00bfEn lo s\u00faltimos 12 meses, ha sido discriminado por cualquiera de los siguientes motivos:\n1. Orientaci\u00f3n sexual e identidad de g\u00e9nero, B. Edad, C. Sexo, D. Color de la piel, E. Pertenencia a Naci\u00f3n, Pueblo, Ind\u00edgena, Originario, Campesino (NPIOC), F. Idioma, G. Vestimenta, H. Procedencia regional o nacionalidad extranjera, I. discapacidad, J. Religi\u00f3n, K. Condici\u00f3n econ\u00f3mica o social (pobre, rico), L. Otro motivo","var_qstn_qstnlit":"\u00bfPresent\u00f3 una denuncia formal contra el(la) agresor(a)?\n1.Si, 2.No","var_qstn_postqtxt":"Si la respuesta es 2.No, pasar a la pregunta 5 de la secci\u00f3n 12:\n\n\u00bfPor qu\u00e9 no present\u00f3 una denuncia formal? \n1. Por verguenza; 1.Si, 2.No\n2. No quer\u00eda que sepa; 1.Si, 2.No\n3. Por miedo; 1.Si, 2.No\n4. Porque se trato de un hecho sin importancia; 1.Si, 2.No\n5. No sab\u00eda que pod\u00eda denunciar; 1.Si, 2.No\n6. No cree en la justicia; 1.Si, 2.No\n7. Otro (Especifique)","var_qstn_ivulnstr":"Esta pregunta busca averiguar si la persona afectada denuncia el hecho de discriminaci\u00f3n ante alguna instituci\u00f3n o autoridad correspondiente.","var_val_range":[{"units":"REAL","min":"1","max":"2"}],"var_universe":"Personas de 15 a\u00f1os o m\u00e1s edad","universe_clusion":"I","var_sumstat":[{"value":"1344","type":"vald"},{"value":"1266.478","type":"vald"},{"value":"10432","type":"invd"},{"value":"10509.522","type":"invd"}],"var_txt":"Indaga si la persona afectada denuncia el hecho de discriminaci\u00f3n ante alguna instituci\u00f3n o autoridad correspondiente.\n\n1. Si\n2. No","var_catgry":[{"value":"1","labl":"1. Si","stats":"64.393","type":"freq"},{"value":"2","labl":"2. No","stats":"1202.085","type":"freq"},{"value":"Sysmiss","labl":null,"stats":"10509.522","type":"freq"}],"var_format":"numeric","var_format_schema":"other","fid":"F5","sid":"84","survey_idno":"BOL-INE-EH-2019-V1"}

Uso público

Cada miembro del hogar, siempre y cuando tenga 12 años o más y no tenga limitaciones para entender o hacerse entender.

- Para los que respondieron respondieron las opciones 1,3 de cualquiera de los motivos de la pregunta 1:

1. ¿En lo súltimos 12 meses, ha sido discriminado por cualquiera de los siguientes motivos:
1. Orientación sexual e identidad de género, B. Edad, C. Sexo, D. Color de la piel, E. Pertenencia a Nación, Pueblo, Indígena, Originario, Campesino (NPIOC), F. Idioma, G. Vestimenta, H. Procedencia regional o nacionalidad extranjera, I. discapacidad, J. Religión, K. Condición económica o social (pobre, rico), L. Otro motivo

¿Presentó una denuncia formal contra el(la) agresor(a)?
1.Si, 2.No

Si la respuesta es 2.No, pasar a la pregunta 5 de la sección 12:

¿Por qué no presentó una denuncia formal? 
1. Por verguenza; 1.Si, 2.No
2. No quería que sepa; 1.Si, 2.No
3. Por miedo; 1.Si, 2.No
4. Porque se trato de un hecho sin importancia; 1.Si, 2.No
5. No sabía que podía denunciar; 1.Si, 2.No
6. No cree en la justicia; 1.Si, 2.No
7. Otro (Especifique)

Esta pregunta busca averiguar si la persona afectada denuncia el hecho de discriminación ante alguna institución o autoridad correspondiente.

Personas de 15 años o más edad

Indaga si la persona afectada denuncia el hecho de discriminación ante alguna institución o autoridad correspondiente.

1. Si
2. No
