{"vid":"V238","name":"s12a_01f","file_id":"F5","var_dcml":"0","var_intrvl":"discrete","var_start_pos":"38","var_end_pos":"38","var_width":"1","var_rec_seg_no":"1","labl":"En los ultimos 12 meses, ha sido discriminado por cualquiera de los siguientes motivos: F. Idioma","var_security":"Uso p\u00fablico","var_respunit":"Cada miembro del hogar, siempre y cuando tenga 12 a\u00f1os o m\u00e1s y no tenga limitaciones para entender o hacerse entender.","var_qstn_qstnlit":"En los ultimos 12 meses, ha sido discriminado por cualquiera de los siguientes motivos: F. Idioma\n\n1. Si, 2. No, 3. Prefiere no decirlo, 4. No sabe","var_qstn_postqtxt":"- Si respondi\u00f3 2, 4 a todos los motivos - Fin de la Entrevista.\n\n- Si respondi\u00f3 1, 3 al menos a un motivo contin\u00fae con la pregunta 2\n\n\u00bfPresent\u00f3 una denuncia formal contra el(la) agresor(a)?\n1. Si, 2. No","var_qstn_ivulnstr":"Esta pregunta comprende un total de 75 productos agrupados en la boleta, a la izquierda de las hojas de esta secci\u00f3n, en 12 categor\u00edas.\n\nF. Idioma: Discriminaci\u00f3n en el trato por el idioma que habla la persona, sea ind\u00edgena originaria (aymara, quechua, guaran\u00ed, b\u00e9siro, moje\u00f1o y otras) o tambi\u00e9n el castellano.","var_val_range":[{"units":"REAL","min":"1","max":"4"}],"var_universe":"Personas de 15 a\u00f1os o m\u00e1s edad","universe_clusion":"I","var_sumstat":[{"value":"11776","type":"vald"},{"value":"11776","type":"vald"},{"value":"0","type":"invd"},{"value":"0","type":"invd"}],"var_txt":"Discriminaci\u00f3n en el trato por el idioma que habla la persona, sea ind\u00edgena originaria (aymara, quechua, guaran\u00ed, b\u00e9siro, moje\u00f1o y otras) o tambi\u00e9n el castellano. \n\n1. Si\n2. No\n3. Prefiere no decirlo\n4. No sabe","var_catgry":[{"value":"1","labl":"1. Si","stats":"132.996","type":"freq"},{"value":"2","labl":"2. No","stats":"11571.114","type":"freq"},{"value":"3","labl":"3. Prefiere no decirlo","stats":"7.91","type":"freq"},{"value":"4","labl":"4. No sabe","stats":"63.98","type":"freq"}],"var_format":"numeric","var_format_schema":"other","fid":"F5","sid":"84","survey_idno":"BOL-INE-EH-2019-V1"}

Uso público

Cada miembro del hogar, siempre y cuando tenga 12 años o más y no tenga limitaciones para entender o hacerse entender.

- Si respondió 2, 4 a todos los motivos - Fin de la Entrevista.

- Si respondió 1, 3 al menos a un motivo continúe con la pregunta 2

¿Presentó una denuncia formal contra el(la) agresor(a)?
1. Si, 2. No

Esta pregunta comprende un total de 75 productos agrupados en la boleta, a la izquierda de las hojas de esta sección, en 12 categorías.

F. Idioma: Discriminación en el trato por el idioma que habla la persona, sea indígena originaria (aymara, quechua, guaraní, bésiro, mojeño y otras) o también el castellano.

Personas de 15 años o más edad

Discriminación en el trato por el idioma que habla la persona, sea indígena originaria (aymara, quechua, guaraní, bésiro, mojeño y otras) o también el castellano. 

1. Si
2. No
3. Prefiere no decirlo
4. No sabe
