{"vid":"V1587","name":"s08e_13a","file_id":"F15","var_intrvl":"discrete","var_start_pos":"697","var_end_pos":"773","var_width":"77","var_rec_seg_no":"1","labl":"FIESTAS CIVICAS O PATRIASDe \u00e9stas festividades a las que asisti\u00f3,Cu\u00e1l le gener\u00f3 mayor gasto? Especifique","var_imputation":"No se realizan imputaciones.","var_security":"Uso p\u00fablico","var_respunit":"Los miembros del hogar, para el caso de personas menores de 12 a\u00f1os dara la informaci\u00f3n el madre o madre o la persona responsable de su cuidado.","var_qstn_qstnlit":"\u00bfCu\u00e1l es la que le gener\u00f3 mayor gasto?","var_qstn_ivulnstr":"13A. \u00bfCu\u00e1l es la que le gener\u00f3 mayor gasto? Especifique \n\n13A = verbena 16 de julio","var_universe":"Personas de 18 a\u00f1os y m\u00e1s","universe_clusion":"I","var_sumstat":[{"value":"3821","type":"vald"},{"value":"1125086","type":"vald"}],"var_txt":"El objetivo de esta pregunta es saber cual es la festividad que gener\u00f3 mayor gasto.","var_format":"character","var_format_schema":"other","fid":"F15","sid":"55","survey_idno":"BOL-INE-EH-2017-V5"}

FIESTAS CIVICAS O PATRIASDe éstas festividades a las que asistió,Cuál le generó mayor gasto? Especifique

Uso público

Los miembros del hogar, para el caso de personas menores de 12 años dara la información el madre o madre o la persona responsable de su cuidado.

¿Cuál es la que le generó mayor gasto?

13A. ¿Cuál es la que le generó mayor gasto? Especifique 

13A = verbena 16 de julio

Personas de 18 años y más

El objetivo de esta pregunta es saber cual es la festividad que generó mayor gasto.
