{"vid":"V77","name":"s4e_26","file_id":"F1","var_dcml":"0","var_intrvl":"discrete","var_start_pos":"262","var_end_pos":"262","var_width":"1","var_rec_seg_no":"1","labl":"Durante este a\u00f1o, \u00bf(\u2026) asiste o asisti\u00f3 a alg\u00fan centro infantil que no sea pre kinder ni kinder?","var_security":"Uso p\u00fablico","var_respunit":"Los miembros del hogar, para el caso de personas menores de 12 a\u00f1os dara la informaci\u00f3n el madre o madre o la persona responsable de su cuidado.","var_qstn_qstnlit":"Durante este a\u00f1o, \u00bf(\u2026) asiste o asisti\u00f3 a alg\u00fan centro infantil que no sea pre kinder ni kinder?\n1.Si, 2.No\n\nMENORES DE 4 A\u00d1OS FIN DE LA ENTREVISTA\nDE 4 A\u00d1OS O M\u00c1S PASE A LA PAG.9, SECC 5, PREG 1.","var_qstn_postqtxt":"De 4 a\u00f1os o m\u00e1s, pasan a la pregunta 1 de la secci\u00f3n 5:\n\u00bfSabe leer y escribir?\n1.Si, 2.No","var_qstn_ivulnstr":"Tambi\u00e9n nos referimos a las guarder\u00edas donde se realiza la estimulaci\u00f3n temprana.","var_val_range":[{"units":"REAL","min":"1","max":"9"}],"var_universe":"Todos los miembros del hogar","universe_clusion":"I","var_sumstat":[{"value":"0","type":"vald"},{"value":"0","type":"vald"},{"value":"0","type":"invd"},{"value":"0","type":"invd"}],"var_txt":"Identificaci\u00f3n si los ni\u00f1os menores de 4 a\u00f1os asistieron a algun centro infantil ( se excluye pre kinder)","var_catgry":[{"value":"1","labl":"si","stats":null,"type":null},{"value":"2","labl":"no","stats":null,"type":null},{"value":"9","labl":"sin especificar","stats":null,"type":null}],"var_format":"numeric","var_format_schema":"other","fid":"F1","sid":"39","survey_idno":"BOL-INE-EH-2013"}

Durante este año, ¿(…) asiste o asistió a algún centro infantil que no sea pre kinder ni kinder?

Uso público

Los miembros del hogar, para el caso de personas menores de 12 años dara la información el madre o madre o la persona responsable de su cuidado.

Durante este año, ¿(…) asiste o asistió a algún centro infantil que no sea pre kinder ni kinder?
1.Si, 2.No

MENORES DE 4 AÑOS FIN DE LA ENTREVISTA
DE 4 AÑOS O MÁS PASE A LA PAG.9, SECC 5, PREG 1.

De 4 años o más, pasan a la pregunta 1 de la sección 5:
¿Sabe leer y escribir?
1.Si, 2.No

También nos referimos a las guarderías donde se realiza la estimulación temprana.

Identificación si los niños menores de 4 años asistieron a algun centro infantil ( se excluye pre kinder)
