{"vid":"V53","name":"s4c_17a","file_id":"F1","var_dcml":"0","var_intrvl":"discrete","var_start_pos":"166","var_end_pos":"166","var_width":"1","var_rec_seg_no":"1","labl":"\u00bfEn su \u00faltimo embarazo, se ha inscrito al Bono Juana Azurduy?","var_security":"Uso p\u00fablico","var_respunit":"Los miembros del hogar, para el caso de personas menores de 12 a\u00f1os dara la informaci\u00f3n el madre o madre o la persona responsable de su cuidado.","var_qstn_preqtxt":"Para los que declararon no tener hijos en la pregunta 11 de la secci\u00f3n 4:\n\u00bfCu\u00e1ntas hijas e hijos nacidos vivos ha tenido? (aunque despu\u00e9s hayan muerto\nPara las personas que nacieron antes del a\u00f1o 2009  y repondieron la pregunta 13 de la secci\u00f3n 4:\n\u00bfEn qu\u00e9 mes y a\u00f1o naci\u00f3 su \u00faltima hija o hijo nacido vivo? (aunque despu\u00e9s haya muerto)","var_qstn_qstnlit":"\u00bfEn su \u00faltimo embarazo, se ha inscrito al Bono Juana Azurduy?.\nSi, 2.No","var_qstn_ivulnstr":"Si la respuesta es \"Si\", anote el c\u00f3digo \"1\" e indague por el monto","var_val_range":[{"units":"REAL","min":"1","max":"9"}],"var_universe":"Todos los miembros del hogar","universe_clusion":"I","var_sumstat":[{"value":"0","type":"vald"},{"value":"0","type":"vald"},{"value":"0","type":"invd"},{"value":"0","type":"invd"}],"var_txt":"Hace referencia a conocer sobre si en su \u00faltimo embarazo la persona entrevistada se ha inscrito al Bono Juana Azurduy","var_catgry":[{"value":"1","labl":"si","stats":null,"type":null},{"value":"2","labl":"no","stats":null,"type":null},{"value":"9","labl":"sin especificar","stats":null,"type":null}],"var_format":"numeric","var_format_schema":"other","fid":"F1","sid":"39","survey_idno":"BOL-INE-EH-2013"}

¿En su último embarazo, se ha inscrito al Bono Juana Azurduy?

Uso público

Los miembros del hogar, para el caso de personas menores de 12 años dara la información el madre o madre o la persona responsable de su cuidado.

Para los que declararon no tener hijos en la pregunta 11 de la sección 4:
¿Cuántas hijas e hijos nacidos vivos ha tenido? (aunque después hayan muerto
Para las personas que nacieron antes del año 2009  y repondieron la pregunta 13 de la sección 4:
¿En qué mes y año nació su última hija o hijo nacido vivo? (aunque después haya muerto)

¿En su último embarazo, se ha inscrito al Bono Juana Azurduy?.
Si, 2.No

Si la respuesta es "Si", anote el código "1" e indague por el monto

Hace referencia a conocer sobre si en su último embarazo la persona entrevistada se ha inscrito al Bono Juana Azurduy
