{"vid":"V48","name":"s4c_14e","file_id":"F1","var_intrvl":"discrete","var_start_pos":"118","var_end_pos":"123","var_width":"6","var_rec_seg_no":"1","labl":"\u00bfQui\u00e9n atendi\u00f3 su \u00faltimo parto ? Otro (especifique)","var_security":"Uso p\u00fablico","var_respunit":"Los miembros del hogar, para el caso de personas menores de 12 a\u00f1os dara la informaci\u00f3n el madre o madre o la persona responsable de su cuidado.","var_qstn_qstnlit":"\u00bfQui\u00e9n atendi\u00f3 su \u00faltimo parto?\n(ESPECIFIQUE)","var_qstn_ivulnstr":"(Especifique): Cualquier persona que no pertenece a las anteriores categor\u00edas, por ejemplo: vecino\/a, etc.","var_universe":"Todos los miembros del hogar","universe_clusion":"I","var_sumstat":[{"value":"0","type":"vald"},{"value":"0","type":"vald"},{"value":"0","type":"invd"},{"value":"0","type":"invd"}],"var_txt":"Hace referencia a saber qui\u00e9n fue el que atendi\u00f3 el \u00faltimo parto que tuvo la persona entrevistada, considerando que no se encuentre en el listado anterior.","var_format":"character","var_format_schema":"other","var_notes":"Corresponde a una variable de texto abierta. Cuya informaci\u00f3n proviene del entrevistado y la cual es textualmente registrada por el encuestador en el momento de la entrevista. Adem\u00e1s, no es sujeta a procesamiento de entrada, ni a codificaci\u00f3n.","fid":"F1","sid":"39","survey_idno":"BOL-INE-EH-2013"}

¿Quién atendió su último parto ? Otro (especifique)

Uso público

Los miembros del hogar, para el caso de personas menores de 12 años dara la información el madre o madre o la persona responsable de su cuidado.

¿Quién atendió su último parto?
(ESPECIFIQUE)

(Especifique): Cualquier persona que no pertenece a las anteriores categorías, por ejemplo: vecino/a, etc.

Hace referencia a saber quién fue el que atendió el último parto que tuvo la persona entrevistada, considerando que no se encuentre en el listado anterior.

Corresponde a una variable de texto abierta. Cuya información proviene del entrevistado y la cual es textualmente registrada por el encuestador en el momento de la entrevista. Además, no es sujeta a procesamiento de entrada, ni a codificación.
