{"vid":"V2622","name":"hs06_0093","file_id":"F7","var_dcml":"0","var_intrvl":"discrete","var_start_pos":"36","var_end_pos":"36","var_width":"1","var_rec_seg_no":"1","labl":"Anote: \"1\" medida o \"2\" no presente\" o \"3\" rechazo o 6 \"otro","var_imputation":"Porcentaje de imputaci\u00f3n: 0.59%\nDescripci\u00f3n: Se cambia a \"1\" medido si tiene datos en Peso y Talla","var_security":"Uso p\u00fablico","var_respunit":"Mujeres entre 14 a 49 a\u00f1os de edad, que son residentes habituales del hogar o visitantes que estuvieron en el hogar durante la noche antes del d\u00eda de la entrevista","var_qstn_qstnlit":"ANOTE: \"1\" MEDIDA \u00f3 \"2\" NO PRESENTE\" \u00f3 \"3\" RECHAZO \u00f3 6 \"OTRO","var_val_range":[{"units":"REAL","min":"1","max":"6"}],"var_universe":"Todas las mujeres entre 14 a 49 a\u00f1os de edad, que son residentes habituales del hogar o visitantes que estuvieron en el hogar durante la noche antes del d\u00eda de la entrevista se consideran elegibles para ser entrevistadas.","universe_clusion":"I","var_sumstat":[{"value":"0","type":"vald"},{"value":"0","type":"vald"},{"value":"0","type":"invd"},{"value":"0","type":"invd"}],"var_txt":"En las Preguntas 90 a la 93, la persona capacitada es la responsable de tomar peso y talla a las\/os ni\u00f1as\/os nacidos desde enero de 2011.","var_catgry":[{"value":"1","labl":"1.  MEDIDO(A)","stats":null,"type":null},{"value":"2","labl":"2. NO PRESENTE","stats":null,"type":null},{"value":"3","labl":"3. RECHAZO","stats":null,"type":null},{"value":"6","labl":"6. OTRO","stats":null,"type":null}],"var_format":"numeric","var_format_schema":"other","fid":"F7","sid":"28","survey_idno":"BOL-INE-EDSA-2016"}

Porcentaje de imputación: 0.59%
Descripción: Se cambia a "1" medido si tiene datos en Peso y Talla

Uso público

Mujeres entre 14 a 49 años de edad, que son residentes habituales del hogar o visitantes que estuvieron en el hogar durante la noche antes del día de la entrevista

ANOTE: "1" MEDIDA ó "2" NO PRESENTE" ó "3" RECHAZO ó 6 "OTRO

Todas las mujeres entre 14 a 49 años de edad, que son residentes habituales del hogar o visitantes que estuvieron en el hogar durante la noche antes del día de la entrevista se consideran elegibles para ser entrevistadas.

En las Preguntas 90 a la 93, la persona capacitada es la responsable de tomar peso y talla a las/os niñas/os nacidos desde enero de 2011.
