{"vid":"V1437","name":"Ms01_0108_1","file_id":"F5","var_dcml":"0","var_intrvl":"discrete","var_start_pos":"95","var_end_pos":"95","var_width":"1","var_rec_seg_no":"1","labl":"\u00bfc\u00f3mo boliviana, a cu\u00e1l naci\u00f3n o pueblo ind\u00edgena\u00a0originario campesino o afro boliviano pertenece?\u00a0","var_security":"Uso p\u00fablico","var_respunit":"Mujeres entre 14 a 49 a\u00f1os de edad, que son residentes habituales del hogar o visitantes que estuvieron en el hogar durante la noche antes del d\u00eda de la entrevista","var_qstn_qstnlit":"\u00bfC\u00f3mo boliviana, a cu\u00e1l naci\u00f3n o pueblo ind\u00edgena\u00a0originario campesino o afro boliviano pertenece?","var_qstn_postqtxt":"Se plantea como opciones de respuesta la pertenencia a alguna naci\u00f3n o pueblo ind\u00edgena si es el caso debes registrar claramente en especifique a qu\u00e9 naci\u00f3n o pueblo ind\u00edgena originario pertenece. \nLas otras opciones de respuesta son no pertenece, c\u00f3digo 2 y no es boliviana c\u00f3digo 3.","var_qstn_ivulnstr":"Se plantea como opciones de respuesta la pertenencia a alguna naci\u00f3n o pueblo ind\u00edgena si es el caso debes registrar claramente en especifique a qu\u00e9 naci\u00f3n o pueblo ind\u00edgena originario pertenece. \nLas otras opciones de respuesta son no pertenece, c\u00f3digo 2 y no es boliviana c\u00f3digo 3.","var_val_range":[{"units":"REAL","min":"1","max":"3"}],"var_universe":"Todas las mujeres entre 14 a 49 a\u00f1os de edad, que son residentes habituales del hogar o visitantes que estuvieron en el hogar durante la noche antes del d\u00eda de la entrevista se consideran elegibles para ser entrevistadas.","universe_clusion":"I","var_sumstat":[{"value":"0","type":"vald"},{"value":"0","type":"vald"},{"value":"0","type":"invd"},{"value":"0","type":"invd"}],"var_txt":"El objetivo es indagar la pertenencia de la informante a alguna naci\u00f3n o pueblo ind\u00edgena","var_catgry":[{"value":"1","labl":"1. Nacion o pueblo indigena originario campesino o afroboliviano","stats":null,"type":null},{"value":"2","labl":"2. No pertenece","stats":null,"type":null},{"value":"3","labl":"3. No soy boliviana","stats":null,"type":null}],"var_format":"numeric","var_format_schema":"other","fid":"F5","sid":"28","survey_idno":"BOL-INE-EDSA-2016"}

¿cómo boliviana, a cuál nación o pueblo indígena originario campesino o afro boliviano pertenece?

Uso público

Mujeres entre 14 a 49 años de edad, que son residentes habituales del hogar o visitantes que estuvieron en el hogar durante la noche antes del día de la entrevista

¿Cómo boliviana, a cuál nación o pueblo indígena originario campesino o afro boliviano pertenece?

Se plantea como opciones de respuesta la pertenencia a alguna nación o pueblo indígena si es el caso debes registrar claramente en especifique a qué nación o pueblo indígena originario pertenece. 
Las otras opciones de respuesta son no pertenece, código 2 y no es boliviana código 3.

Todas las mujeres entre 14 a 49 años de edad, que son residentes habituales del hogar o visitantes que estuvieron en el hogar durante la noche antes del día de la entrevista se consideran elegibles para ser entrevistadas.

El objetivo es indagar la pertenencia de la informante a alguna nación o pueblo indígena
