{"vid":"V6","name":"Personal_oc","file_id":"F1","var_dcml":"0","var_intrvl":"discrete","var_start_pos":"74","var_end_pos":"79","var_width":"6","var_rec_seg_no":"1","labl":"Cantidad personal ocupado","var_security":"Uso p\u00fablico.","var_respunit":"El informante es indirecto. La informaci\u00f3n es centralizada y enviada al Instituto Nacional de Estad\u00edstica por un representante de cada instituci\u00f3n.","var_val_range":[{"units":"REAL","min":"0","max":"139494"}],"var_universe":"Personal ocupado en el periodo de referencia en las empresas e instituciones de la administraci\u00f3n p\u00fablica que conforman la muestra.","universe_clusion":"I","var_sumstat":[{"value":"0","type":"vald"},{"value":"0","type":"invd"}],"var_txt":"Esta variable registra el n\u00famero de personas ocupadas dentro de una empresa en un periodo dado y seg\u00fan su grupo ocupacional.","var_format":"numeric","var_format_schema":"other","fid":"F1","sid":"220","survey_idno":"BOL-INE-SESPUB-B95"}

Uso público.

El informante es indirecto. La información es centralizada y enviada al Instituto Nacional de Estadística por un representante de cada institución.

Personal ocupado en el periodo de referencia en las empresas e instituciones de la administración pública que conforman la muestra.

Esta variable registra el número de personas ocupadas dentro de una empresa en un periodo dado y según su grupo ocupacional.
