{"vid":"V2","name":"TRIM","file_id":"F1","var_intrvl":"discrete","var_start_pos":"5","var_end_pos":"14","var_width":"10","var_rec_seg_no":"1","labl":"Trimestre","var_security":"Uso p\u00fablico.","var_respunit":"El informante es indirecto. La informaci\u00f3n es centralizada y enviada al Instituto Nacional de Estad\u00edstica por un representante de cada instituci\u00f3n.","var_universe":"Personal ocupado en el periodo de referencia en las empresas e instituciones de la administraci\u00f3n p\u00fablica que conforman la muestra.","universe_clusion":"I","var_sumstat":[{"value":"0","type":"vald"},{"value":"0","type":"invd"}],"var_txt":"Esta variable registra el trimestre de referencia de la informaci\u00f3n capturada.","var_catgry":[{"value":"Diciembre","labl":"Diciembre","stats":null,"type":null},{"value":"Junio","labl":"Junio","stats":null,"type":null},{"value":"Marzo","labl":"Marzo","stats":null,"type":null},{"value":"Septiembre","labl":"Septiembre","stats":null,"type":null}],"var_format":"character","var_format_schema":"other","fid":"F1","sid":"220","survey_idno":"BOL-INE-SESPUB-B95"}

Uso público.

El informante es indirecto. La información es centralizada y enviada al Instituto Nacional de Estadística por un representante de cada institución.

Personal ocupado en el periodo de referencia en las empresas e instituciones de la administración pública que conforman la muestra.

Esta variable registra el trimestre de referencia de la información capturada.
