{"vid":"V17","name":"des_cond","file_id":"F1","var_intrvl":"discrete","var_start_pos":"157","var_end_pos":"177","var_width":"21","var_rec_seg_no":"1","labl":"des_condi","var_security":"Solo para las instituciones miembros del SIET","var_respunit":"El informante es directo.","var_qstn_qstnlit":"\u00bfViaj\u00f3 c\u00f3mo?","var_universe":"Todos los viajeros nacionales que visitaron el exterior, durante el periodo no mayor a un a\u00f1o","universe_clusion":"I","var_sumstat":[{"value":"0","type":"vald"},{"value":"0","type":"invd"}],"var_txt":"Es la descripci\u00f3n textual que representa la condici\u00f3n del viajero(s), pudiendo ser este como: Turismo Organizado o Viajero Independiente","var_catgry":[{"value":"Turismo organizado","labl":"Turismo organizado","stats":null,"type":null},{"value":"Viajero independiente","labl":"Viajero independiente","stats":null,"type":null}],"var_format":"character","var_format_schema":"other","var_notes":"Todas las instituciones p\u00fablicas y privadas que no pertenezcan al SIET, no tienen acceso a la base de datos.","fid":"F1","sid":"201","survey_idno":"BOL-INE-EGTRE-2010"}

¿Viajó cómo?

Todos los viajeros nacionales que visitaron el exterior, durante el periodo no mayor a un año

Es la descripción textual que representa la condición del viajero(s), pudiendo ser este como: Turismo Organizado o Viajero Independiente

Todas las instituciones públicas y privadas que no pertenezcan al SIET, no tienen acceso a la base de datos.
