{"vid":"V575","name":"SM818I","file_id":"F2","var_dcml":"0","var_intrvl":"discrete","var_width":"1","var_rec_seg_no":"1","labl":"Raz\u00f3n por la que nunca denunci\u00f3: Pienso que me cobraran","var_imputation":"No se realiza imputaci\u00f3n a esta variable","var_security":"Es de car\u00e1cter p\u00fablico.","var_respunit":"El informante es directo","var_qstn_preqtxt":"\u00bfPor qu\u00e9 no denunci\u00f3 a la persona que le hizo da\u00f1o?","var_qstn_qstnlit":"Pienso que me cobraran","var_qstn_postqtxt":"\u00bfAlguna otra raz\u00f3n?","var_qstn_ivulnstr":"Marque todas las que mencione","var_val_range":[{"units":"REAL","min":"0","max":"8"}],"var_universe":"Hombres","universe_clusion":"I","var_sumstat":[{"value":"0","type":"vald"},{"value":"0","type":"invd"}],"var_txt":"Se comprueba si la raz\u00f3n por la que nunca denunci\u00f3 se debi\u00f3 a que el piensa que le cobraran por solo denunciar","var_catgry":[{"value":"0","labl":"No","stats":null,"type":null},{"value":"1","labl":"Si","stats":null,"type":null},{"value":"8","labl":"NS","stats":null,"type":null}],"var_format":"numeric","var_format_schema":"other","var_notes":"No se tiene notas aclaratorias para esta variable","fid":"F2","sid":"19","survey_idno":"BOL-INE-ENDSA-2003"}

Razón por la que nunca denunció: Pienso que me cobraran

No se realiza imputación a esta variable

Es de carácter público.

¿Por qué no denunció a la persona que le hizo daño?

¿Alguna otra razón?

Se comprueba si la razón por la que nunca denunció se debió a que el piensa que le cobraran por solo denunciar
