{"vid":"V11448","name":"s2_09c","file_id":"F69","var_dcml":"0","var_intrvl":"discrete","var_width":"1","labl":"\u00bfEste \u00faltimo trabajo usted lo realiz\u00f3 como?","var_security":"Uso p\u00fablico","var_respunit":"Informante directo o en su defecto informante calificado.","var_qstn_preqtxt":"Proviene de la pregunta 9 de la secci\u00f3n 2i: \u00bfHa trabajado alguna vez anteriormente?, si el informante responde la opci\u00f3n 1. Si.","var_qstn_qstnlit":"\u00bfEste \u00faltimo trabajo usted lo realiz\u00f3 como?\n\n1. Obrero\/Empleado'\n2. Trabajador\/a por cuenta propia'\n3. Empleador\/a o socio\/a que no recibe salario'\n4. Cooperativista de Producci\u00f3n'\n5. Trabajador\/a Familiar sin remuneraci\u00f3n'\n6. Aprendiz o persona en formaci\u00f3n sin remuneraci\u00f3n'\n7. Empleada\/o del hogar'","var_qstn_postqtxt":"Continuar con la pregunta 10 de la secci\u00f3n 2: En ese trabajo \u00bfCu\u00e1l fue su \u00faltima ocupaci\u00f3n?","var_qstn_ivulnstr":"Se debe registrar la categor\u00eda ocupacional correspondiente al \u00faltimo trabajo.","var_val_range":[{"units":null,"min":"1","max":"999"}],"var_universe":"Todos los miembros del hogar de 10 a\u00f1os o m\u00e1s de edad.","universe_clusion":"I","var_sumstat":[{"value":"7266","type":"vald"},{"value":"1713951.815","type":"vald"},{"value":"44489","type":"invd"},{"value":"10780229.185","type":"invd"}],"var_txt":"Categor\u00eda ocupacional del \u00faltimo trabajo","var_catgry":[{"value":"1","labl":"1. Obrero\/Empleado","stats":"786711.63","type":"freq"},{"value":"2","labl":"2. Trabajador\/a por cuenta propia","stats":"546317.612","type":"freq"},{"value":"3","labl":"3. Empleador\/a o socio\/a que no recibe salario","stats":"11590.413","type":"freq"},{"value":"4","labl":"4. Cooperativista de Producci\u00f3n","stats":"1625.534","type":"freq"},{"value":"5","labl":"5. Trabajador\/a Familiar sin remuneraci\u00f3n","stats":"238665.472","type":"freq"},{"value":"6","labl":"6. Aprendiz o persona en formaci\u00f3n sin remuneraci\u00f3n","stats":"34581.295","type":"freq"},{"value":"7","labl":"7. Empleada\/o del hogar","stats":"94459.859","type":"freq"},{"value":"Sysmiss","labl":null,"stats":"10780229.185","type":"freq"}],"var_format":"numeric","var_format_schema":"other","fid":"F69","sid":"170","survey_idno":"BOL-INE-ECE-2T2025"}

¿Este último trabajo usted lo realizó como?

Uso público

Proviene de la pregunta 9 de la sección 2i: ¿Ha trabajado alguna vez anteriormente?, si el informante responde la opción 1. Si.

¿Este último trabajo usted lo realizó como?

1. Obrero/Empleado'
2. Trabajador/a por cuenta propia'
3. Empleador/a o socio/a que no recibe salario'
4. Cooperativista de Producción'
5. Trabajador/a Familiar sin remuneración'
6. Aprendiz o persona en formación sin remuneración'
7. Empleada/o del hogar'

Continuar con la pregunta 10 de la sección 2: En ese trabajo ¿Cuál fue su última ocupación?

Se debe registrar la categoría ocupacional correspondiente al último trabajo.

Todos los miembros del hogar de 10 años o más de edad.

Categoría ocupacional del último trabajo

4. Cooperativista de Producción

5. Trabajador/a Familiar sin remuneración

6. Aprendiz o persona en formación sin remuneración
