{"vid":"V11","name":"Mes","file_id":"F1","var_intrvl":"discrete","var_width":"1","labl":"Mes","var_respunit":"El personal administrativo de los  mataderos  p\u00fablicos y privados.","var_universe":"Los 12 meses del a\u00f1o, que pertenecen a la operaci\u00f3n estad\u00edstica.","universe_clusion":"I","var_sumstat":[{"value":"0","type":"vald"},{"value":"0","type":"invd"}],"var_txt":"Todos los meses del a\u00f1o a los que corresponde.","var_format":"character","var_format_schema":"other","fid":"F1","sid":"165","survey_idno":"BOL-INE-EPCB"}

El personal administrativo de los  mataderos  públicos y privados.

Los 12 meses del año, que pertenecen a la operación estadística.

Todos los meses del año a los que corresponde.
