{"vid":"V4131","name":"condact","file_id":"F36","var_dcml":"0","var_intrvl":"discrete","var_width":"1","labl":"Condicion de Actividad Ocupacion Principal","var_security":"Uso P\u00fablico","var_val_range":[{"units":null,"min":"0","max":"5"}],"var_universe":"Personas de 7 a\u00f1os o m\u00e1s de edad","universe_clusion":"I","var_sumstat":[{"value":"36127","type":"vald"},{"value":"10636817.688","type":"vald"},{"value":"4828","type":"invd"},{"value":"1433660.312","type":"invd"}],"var_txt":"Situaci\u00f3n que distingue a la poblaci\u00f3n en edad de trabajar de acuerdo a su participaci\u00f3n en el mercado de trabajo.","var_catgry":[{"value":"0","labl":"pent","stats":"0","type":"freq"},{"value":"1","labl":"p_ocupado","stats":"5670412.862","type":"freq"},{"value":"2","labl":"p_cesante","stats":"284326.464","type":"freq"},{"value":"3","labl":"p_aspirante","stats":"59731.903","type":"freq"},{"value":"4","labl":"p_temporal","stats":"1471270.92","type":"freq"},{"value":"5","labl":"p_permanente","stats":"3151075.539","type":"freq"},{"value":"Sysmiss","labl":null,"stats":"1433660.312","type":"freq"}],"var_format":"numeric","var_format_schema":"other","fid":"F36","sid":"106","survey_idno":"BOL-INE-EH-2022"}

Uso Público

Personas de 7 años o más de edad

Situación que distingue a la población en edad de trabajar de acuerdo a su participación en el mercado de trabajo.
