{"vid":"V3967","name":"s03b_09e","file_id":"F36","var_intrvl":"discrete","var_width":"80","labl":"\u00bfCual es la principal raz\u00f3n por la que no pasa clases actualmente (ya sea presencial, semipresencial, a distancia o virtual)? OTRO (Especifique)","var_imputation":"Los criterios de validaci\u00f3n, consistencia e imputaci\u00f3n adoptados por preguntas y m\u00f3dulos siguen procedimientos de identificaci\u00f3n y tratamiento explicitados conforme a las definiciones y\/o recomendaciones contenidos en los manuales del encuestador, supervisor y monitoreo.","var_security":"Uso p\u00fablico","var_respunit":"Informante indirecto.","var_qstn_preqtxt":"Se llega a esta pregunta si se registr\u00f3 la categor\u00eda de respuesta \"4. No\" de la pregunta 8 \"Actualmente, \u00bf(...) pasa clases en el nivel y curso al que se matricul\u00f3 esta gesti\u00f3n 2022?\" de la secci\u00f3n 3.","var_qstn_qstnlit":"\u00bfCu\u00e1l es la principal raz\u00f3n por la que no pasa clases actualmente (ya sea presencial, semipresencial, a distancia o virtual)?\n1. VACACIONES (DESCANSO PEDAG\u00d3GICO\/RECESO)\n2. CULMIN\u00d3 SUS ESTUDIOS\n3. POR TRABAJO\n4. POR TRASLADO DE LA FAMILIA\n5. OTRO (Especifique)","var_qstn_ivulnstr":"5. OTRO (Especifique): En caso de que no se pueda aplicar ninguna de las opciones de respuesta anteriores, se debe registrar \"OTROS\" y especificar la raz\u00f3n de no  asistencia.","var_universe":"Personas de 4 a\u00f1os o m\u00e1s de edad.","universe_clusion":"I","var_sumstat":[{"value":"16","type":"vald"},{"value":"4565.711","type":"vald"},{"value":"0","type":"invd"},{"value":"0","type":"invd"}],"var_txt":"Conocer otra raz\u00f3n porque el estudiante no pudo acceder a ninguna modalidad de ense\u00f1anza antes mencionada (presencial, semipresencial, a distancia o virtual).","var_format":"character","var_format_schema":"other","fid":"F36","sid":"106","survey_idno":"BOL-INE-EH-2022"}

¿Cual es la principal razón por la que no pasa clases actualmente (ya sea presencial, semipresencial, a distancia o virtual)? OTRO (Especifique)

Los criterios de validación, consistencia e imputación adoptados por preguntas y módulos siguen procedimientos de identificación y tratamiento explicitados conforme a las definiciones y/o recomendaciones contenidos en los manuales del encuestador, supervisor y monitoreo.

Uso público

Se llega a esta pregunta si se registró la categoría de respuesta "4. No" de la pregunta 8 "Actualmente, ¿(...) pasa clases en el nivel y curso al que se matriculó esta gestión 2022?" de la sección 3.

¿Cuál es la principal razón por la que no pasa clases actualmente (ya sea presencial, semipresencial, a distancia o virtual)?
1. VACACIONES (DESCANSO PEDAGÓGICO/RECESO)
2. CULMINÓ SUS ESTUDIOS
3. POR TRABAJO
4. POR TRASLADO DE LA FAMILIA
5. OTRO (Especifique)

5. OTRO (Especifique): En caso de que no se pueda aplicar ninguna de las opciones de respuesta anteriores, se debe registrar "OTROS" y especificar la razón de no  asistencia.

Personas de 4 años o más de edad.

Conocer otra razón porque el estudiante no pudo acceder a ninguna modalidad de enseñanza antes mencionada (presencial, semipresencial, a distancia o virtual).
