{"vid":"V3966","name":"s03b_09","file_id":"F36","var_dcml":"0","var_intrvl":"discrete","var_width":"1","labl":"\u00bfCual es la principal raz\u00f3n por la que no pasa clases actualmente (ya sea presencial, semipresencial, a distancia o virtual)?","var_imputation":"Los criterios de validaci\u00f3n, consistencia e imputaci\u00f3n adoptados por preguntas y m\u00f3dulos siguen procedimientos de identificaci\u00f3n y tratamiento explicitados conforme a las definiciones y\/o recomendaciones contenidos en los manuales del encuestador, supervisor y monitoreo.","var_security":"Uso p\u00fablico","var_respunit":"Informante indirecto.","var_qstn_preqtxt":"Se llega a esta pregunta si se registr\u00f3 la categor\u00eda de respuesta \"4. No\" de la pregunta 8 \"Actualmente, \u00bf(...) pasa clases en el nivel y curso al que se matricul\u00f3 esta gesti\u00f3n 2022?\" de la secci\u00f3n 3.","var_qstn_qstnlit":"\u00bfCu\u00e1l es la principal raz\u00f3n por la que no pasa clases actualmente (ya sea presencial, semipresencial, a distancia o virtual)?\n1. VACACIONES (DESCANSO PEDAG\u00d3GICO\/RECESO)\n2. CULMIN\u00d3 SUS ESTUDIOS\n3. POR TRABAJO\n4. POR TRASLADO DE LA FAMILIA\n5. OTRO (Especifique)","var_qstn_ivulnstr":"Esta pregunta tiene 5 razones de inasistencia de la poblaci\u00f3n matriculada, pero en la \npregunta se indaga por la raz\u00f3n m\u00e1s importante.\n1. VACACIONES (DESCANSO PEDAG\u00d3GICO\/RECESO): Cuando el entrevistado indique se no asiste debido al descanso pedag\u00f3gico.\n2. CULMIN\u00d3 SUS ESTUDIOS: Cuando el entrevistado haya culminado un curso equivalente a un a\u00f1o o curso escolar que represente la conclusi\u00f3n de un ciclo educativo.\n3. POR TRABAJO: El entrevistado no se matricul\u00f3 por trabajar en \nalguna actividad econ\u00f3mica: i) De personas y\/o empresas, instituciones que no son parte de su hogar, recibiendo a cambio un sueldo o salario en dinero o especie; ii) Bajo la condici\u00f3n de trabajador familiar, es decir, ayuda en la actividad econ\u00f3mica de la familia, sin recibir alg\u00fan pago; iii) Cuando de personas y\/o empresas, instituciones que no son parte de su hogar, por aprender un oficio. El oficio es lo que se aprende con la pr\u00e1ctica y se perfecciona con el paso del tiempo, no requiere necesariamente estudios formales, ya que su aprendizaje se da en la pr\u00e1ctica. Por ejemplo: Ayudante de taller mec\u00e1nico.\n4. POR TRASLADO DE LA FAMILIA: El entrevistado indique que no asiste porque \u00e9l  y su familia se trasladaron a otro lugar.\n5. OTRO (Especifique): En caso de que no se pueda aplicar ninguna de las opciones de respuesta anteriores, se debe registrar \"OTROS\" y especificar la raz\u00f3n de no  asistencia.","var_val_range":[{"units":null,"min":"1","max":"5"}],"var_universe":"Personas de 4 a\u00f1os o m\u00e1s de edad.","universe_clusion":"I","var_sumstat":[{"value":"4881","type":"vald"},{"value":"1446311.384","type":"vald"},{"value":"36074","type":"invd"},{"value":"10624166.616","type":"invd"}],"var_txt":"Conocer la raz\u00f3n porque el estudiante no pudo acceder a ninguna modalidad de ense\u00f1anza antes mencionada (presencial, semipresencial, a distancia o virtual).","var_catgry":[{"value":"1","labl":"1. VACACI\u00d3N (DESCANSO PEDAG\u00d3GICO\/RECESO)","stats":"1243207.662","type":"freq"},{"value":"2","labl":"2. CULMIN\u00d3 SUS ESTUDIOS","stats":"192749.434","type":"freq"},{"value":"3","labl":"3. POR TRABAJO","stats":"5293.633","type":"freq"},{"value":"4","labl":"4. POR TRASLADO DE LA FAMILIA","stats":"494.944","type":"freq"},{"value":"5","labl":"5. OTRO (Especifique)","stats":"4565.711","type":"freq"},{"value":"Sysmiss","labl":null,"stats":"10624166.616","type":"freq"}],"var_format":"numeric","var_format_schema":"other","fid":"F36","sid":"106","survey_idno":"BOL-INE-EH-2022"}

¿Cual es la principal razón por la que no pasa clases actualmente (ya sea presencial, semipresencial, a distancia o virtual)?

Los criterios de validación, consistencia e imputación adoptados por preguntas y módulos siguen procedimientos de identificación y tratamiento explicitados conforme a las definiciones y/o recomendaciones contenidos en los manuales del encuestador, supervisor y monitoreo.

Uso público

Se llega a esta pregunta si se registró la categoría de respuesta "4. No" de la pregunta 8 "Actualmente, ¿(...) pasa clases en el nivel y curso al que se matriculó esta gestión 2022?" de la sección 3.

¿Cuál es la principal razón por la que no pasa clases actualmente (ya sea presencial, semipresencial, a distancia o virtual)?
1. VACACIONES (DESCANSO PEDAGÓGICO/RECESO)
2. CULMINÓ SUS ESTUDIOS
3. POR TRABAJO
4. POR TRASLADO DE LA FAMILIA
5. OTRO (Especifique)

Esta pregunta tiene 5 razones de inasistencia de la población matriculada, pero en la 
pregunta se indaga por la razón más importante.
1. VACACIONES (DESCANSO PEDAGÓGICO/RECESO): Cuando el entrevistado indique se no asiste debido al descanso pedagógico.
2. CULMINÓ SUS ESTUDIOS: Cuando el entrevistado haya culminado un curso equivalente a un año o curso escolar que represente la conclusión de un ciclo educativo.
3. POR TRABAJO: El entrevistado no se matriculó por trabajar en 
alguna actividad económica: i) De personas y/o empresas, instituciones que no son parte de su hogar, recibiendo a cambio un sueldo o salario en dinero o especie; ii) Bajo la condición de trabajador familiar, es decir, ayuda en la actividad económica de la familia, sin recibir algún pago; iii) Cuando de personas y/o empresas, instituciones que no son parte de su hogar, por aprender un oficio. El oficio es lo que se aprende con la práctica y se perfecciona con el paso del tiempo, no requiere necesariamente estudios formales, ya que su aprendizaje se da en la práctica. Por ejemplo: Ayudante de taller mecánico.
4. POR TRASLADO DE LA FAMILIA: El entrevistado indique que no asiste porque él  y su familia se trasladaron a otro lugar.
5. OTRO (Especifique): En caso de que no se pueda aplicar ninguna de las opciones de respuesta anteriores, se debe registrar "OTROS" y especificar la razón de no  asistencia.

Personas de 4 años o más de edad.

Conocer la razón porque el estudiante no pudo acceder a ninguna modalidad de enseñanza antes mencionada (presencial, semipresencial, a distancia o virtual).

1. VACACIÓN (DESCANSO PEDAGÓGICO/RECESO)

2. CULMINÓ SUS ESTUDIOS
