{"vid":"V3965","name":"s03b_08","file_id":"F36","var_dcml":"0","var_intrvl":"discrete","var_width":"1","labl":"Actualmente, \u00bf(\u2026) pasa clases en el nivel y curso al que se matricul\u00f3 esta gesti\u00f3n 2022?","var_imputation":"Los criterios de validaci\u00f3n, consistencia e imputaci\u00f3n adoptados por preguntas y m\u00f3dulos siguen procedimientos de identificaci\u00f3n y tratamiento explicitados conforme a las definiciones y\/o recomendaciones contenidos en los manuales del encuestador, supervisor y monitoreo.","var_security":"Uso p\u00fablico","var_respunit":"Informante indirecto.","var_qstn_preqtxt":"Se llega a esta pregunta si se registr\u00f3 cualquier opci\u00f3n o categor\u00eda de la pregunta 7 \"El establecimiento en el que se matricul\u00f3 esta gesti\u00f3n 2022 es\" de la secci\u00f3n 3.","var_qstn_qstnlit":"Actualmente, \u00bf(...) pasa clases en el nivel y curso al que se matricul\u00f3 esta gesti\u00f3n 2022?\n1. S\u00ed, presencial\n2. S\u00ed, semipresencial (presencial y a distancia)\n3. S\u00ed, a distancia (clases virtuales o por internet, por radio, televisi\u00f3n. cartillas, otros)\n4. No","var_qstn_ivulnstr":"1. S\u00ed, presencial: Proceso educativo caracterizado por la presencia f\u00edsica e interacci\u00f3n entre docentes y estudiantes en el espacio de la unidad o instituci\u00f3n educativa.\n2. S\u00ed, semipresencial (presencial y a distancia): Proceso educativo caracterizado por la combinaci\u00f3n de la Modalidad Presencial y a Distancia, con alternancia entre ambas modalidades, desarrollando los procesos de aprendizaje en la unidad o instituci\u00f3n educativa y domicilio.\n3. S\u00ed, a distancia (clases virtuales o por internet, por radio, televisi\u00f3n. cartillas, otros): Es el proceso educativo que utiliza el apoyo de recursos pedag\u00f3gicos: material impreso y digital, medios tecnol\u00f3gicos (plataformas virtuales) o medios de  comunicaci\u00f3n masiva (radio, televisi\u00f3n), de acuerdo a las caracter\u00edsticas del contexto. Esta modalidad no requiere la presencia f\u00edsica de las y los estudiantes.\n4. No: Si el entrevistado indica que actualmente no pasa clases.","var_val_range":[{"units":null,"min":"1","max":"4"}],"var_universe":"Personas de 4 a\u00f1os o m\u00e1s de edad.","universe_clusion":"I","var_sumstat":[{"value":"14351","type":"vald"},{"value":"4198716.782","type":"vald"},{"value":"26604","type":"invd"},{"value":"7871761.218","type":"invd"}],"var_txt":"Determinar la asistencia de la poblaci\u00f3n matriculada. Distingue a las personas de 4 a\u00f1os o m\u00e1s de edad seg\u00fan asistan (pasen clases) o no a alg\u00fan establecimiento de ense\u00f1anza del Sistema Educativo en cualquier nivel, a partir del pre escolar.","var_catgry":[{"value":"1","labl":"1. S\u00ed, presencial","stats":"2084413.991","type":"freq"},{"value":"2","labl":"2. S\u00ed, semipresencial (presencial y a distancia)","stats":"176262.975","type":"freq"},{"value":"3","labl":"3. S\u00ed, a distancia (clases virtuales o por internet, por radio, televisi\u00f3n, cartillas, otros)","stats":"491728.432","type":"freq"},{"value":"4","labl":"4. No","stats":"1446311.384","type":"freq"},{"value":"Sysmiss","labl":null,"stats":"7871761.218","type":"freq"}],"var_format":"numeric","var_format_schema":"other","fid":"F36","sid":"106","survey_idno":"BOL-INE-EH-2022"}

Actualmente, ¿(…) pasa clases en el nivel y curso al que se matriculó esta gestión 2022?

Los criterios de validación, consistencia e imputación adoptados por preguntas y módulos siguen procedimientos de identificación y tratamiento explicitados conforme a las definiciones y/o recomendaciones contenidos en los manuales del encuestador, supervisor y monitoreo.

Uso público

Se llega a esta pregunta si se registró cualquier opción o categoría de la pregunta 7 "El establecimiento en el que se matriculó esta gestión 2022 es" de la sección 3.

Actualmente, ¿(...) pasa clases en el nivel y curso al que se matriculó esta gestión 2022?
1. Sí, presencial
2. Sí, semipresencial (presencial y a distancia)
3. Sí, a distancia (clases virtuales o por internet, por radio, televisión. cartillas, otros)
4. No

1. Sí, presencial: Proceso educativo caracterizado por la presencia física e interacción entre docentes y estudiantes en el espacio de la unidad o institución educativa.
2. Sí, semipresencial (presencial y a distancia): Proceso educativo caracterizado por la combinación de la Modalidad Presencial y a Distancia, con alternancia entre ambas modalidades, desarrollando los procesos de aprendizaje en la unidad o institución educativa y domicilio.
3. Sí, a distancia (clases virtuales o por internet, por radio, televisión. cartillas, otros): Es el proceso educativo que utiliza el apoyo de recursos pedagógicos: material impreso y digital, medios tecnológicos (plataformas virtuales) o medios de  comunicación masiva (radio, televisión), de acuerdo a las características del contexto. Esta modalidad no requiere la presencia física de las y los estudiantes.
4. No: Si el entrevistado indica que actualmente no pasa clases.

Personas de 4 años o más de edad.

Determinar la asistencia de la población matriculada. Distingue a las personas de 4 años o más de edad según asistan (pasen clases) o no a algún establecimiento de enseñanza del Sistema Educativo en cualquier nivel, a partir del pre escolar.

1. Sí, presencial

2. Sí, semipresencial (presencial y a distancia)

3. Sí, a distancia (clases virtuales o por internet, por radio, televisión, cartillas, otros)
