{"vid":"V2586","name":"s09a_01j","file_id":"F28","var_dcml":"0","var_intrvl":"discrete","var_width":"1","labl":"\u00bfEn los \u00faltimos 12 meses, ha sido discriminado por cualquiera de los siguientes motivos: Religi\u00f3n","var_respunit":"Informante directo, Seleccionado por la tabla de Kish","var_qstn_qstnlit":"1.  \u00bfEn los \u00faltimos 12 meses, ha sido discriminado por cualquiera de los siguientes motivos:\n\nJ. Religi\u00f3n","var_val_range":[{"units":"REAL","min":"1","max":"4"}],"var_universe":"Personas de 15 a\u00f1os o m\u00e1s edad","universe_clusion":"I","var_sumstat":[{"value":"11604","type":"vald"},{"value":"0","type":"invd"}],"var_txt":"Agravio de  la persona por pertenecer a una religi\u00f3n cristiana (cat\u00f3lica o protestante) o practicar una espiritualidad de una NPIOC, o tener y expresar alguna creencia o ideolog\u00eda.","var_catgry":[{"value":"1","labl":"1. Si","stats":"189","type":"freq"},{"value":"2","labl":"2. No","stats":"11384","type":"freq"},{"value":"3","labl":"3. Prefiere no decirlo","stats":"16","type":"freq"},{"value":"4","labl":"4. No sabe","stats":"15","type":"freq"}],"var_format":"numeric","var_format_schema":"other","fid":"F28","sid":"106","survey_idno":"BOL-INE-EH-2022"}

¿En los últimos 12 meses, ha sido discriminado por cualquiera de los siguientes motivos: Religión

1.  ¿En los últimos 12 meses, ha sido discriminado por cualquiera de los siguientes motivos:

J. Religión

Personas de 15 años o más edad

Agravio de  la persona por pertenecer a una religión cristiana (católica o protestante) o practicar una espiritualidad de una NPIOC, o tener y expresar alguna creencia o ideología.
