{"vid":"V2581","name":"s09a_01e","file_id":"F28","var_dcml":"0","var_intrvl":"discrete","var_width":"1","labl":"\u00bfEn los \u00faltimos 12 meses, ha sido discriminado por cualquiera de los siguientes motivos: Pertenencia a Naci\u00f3n, Pueblo, Indigena, Originario, Campesino (NPIOC)","var_respunit":"Informante directo, Seleccionado por la tabla de Kish","var_qstn_qstnlit":"1.  \u00bfEn los \u00faltimos 12 meses, ha sido discriminado por cualquiera de los siguientes motivos:\n\nE. Pertenencia a Naci\u00f3n, Pueblo, Indigena, Originario, Campesino (NPIOC)","var_val_range":[{"units":"REAL","min":"1","max":"4"}],"var_universe":"Personas de 15 a\u00f1os o m\u00e1s edad","universe_clusion":"I","var_sumstat":[{"value":"11604","type":"vald"},{"value":"0","type":"invd"}],"var_txt":"Exclusi\u00f3n de la persona por ser parte de una NPIOC (Naci\u00f3n, Pueblo, Ind\u00edgena, Originario, Campesino), ya sea que se autoidentifica con dicha NPIOC o se adscribe por sus padres o por compartir alg\u00fan rasgo cultural.","var_catgry":[{"value":"1","labl":"1. Si","stats":"254","type":"freq"},{"value":"2","labl":"2. No","stats":"11304","type":"freq"},{"value":"3","labl":"3. Prefiere no decirlo","stats":"25","type":"freq"},{"value":"4","labl":"4. No sabe","stats":"21","type":"freq"}],"var_format":"numeric","var_format_schema":"other","fid":"F28","sid":"106","survey_idno":"BOL-INE-EH-2022"}

¿En los últimos 12 meses, ha sido discriminado por cualquiera de los siguientes motivos: Pertenencia a Nación, Pueblo, Indigena, Originario, Campesino (NPIOC)

1.  ¿En los últimos 12 meses, ha sido discriminado por cualquiera de los siguientes motivos:

E. Pertenencia a Nación, Pueblo, Indigena, Originario, Campesino (NPIOC)

Personas de 15 años o más edad

Exclusión de la persona por ser parte de una NPIOC (Nación, Pueblo, Indígena, Originario, Campesino), ya sea que se autoidentifica con dicha NPIOC o se adscribe por sus padres o por compartir algún rasgo cultural.
